{"id":19,"date":"2024-07-26T13:48:46","date_gmt":"2024-07-26T11:48:46","guid":{"rendered":"http:\/\/remisesenargentina.com\/farmacia\/?post_type=product&#038;p=19"},"modified":"2024-07-26T13:48:47","modified_gmt":"2024-07-26T11:48:47","slug":"longex","status":"publish","type":"product","link":"http:\/\/remisesenargentina.com\/farmacia\/longex","title":{"rendered":"Longex"},"content":{"rendered":"<table>\n<tbody>\n<tr>\n<td>Sitio web<\/td>\n<td>Longex.es<\/td>\n<\/tr>\n<tr>\n<td>Acci\u00f3n<\/td>\n<td>\u2714 Biof\u00f3rmula para influir en las funciones sexuales de los hombres;<br \/>\n\u2714 M\u00e1s potencia y fuerza para momentos inolvidables en la cama;<br \/>\n\u2714 Mejora de la resistencia y la libido;<br \/>\n\u2714 Socios satisfechos que le piden m\u00e1s.<\/td>\n<\/tr>\n<tr>\n<td>Componentes<\/td>\n<td>\u2714 Tribulus terrestris;<br \/>\n\u2714 Ginseng;<br \/>\n\u2714 Miura Puama.<\/td>\n<\/tr>\n<tr>\n<td>Instrucciones de uso<\/td>\n<td>\u2714 Beber 2 c\u00e1psulas al d\u00eda 30 minutos antes de las comidas.<br \/>\n\u2714 Tambi\u00e9n puedes simplemente tomar 1 c\u00e1psula 30 minutos antes de la relaci\u00f3n \u00edntima.<br \/>\n\u2714 Se recomienda tomar durante al menos 1 mes.<\/td>\n<\/tr>\n<tr>\n<td>Volumen<\/td>\n<td>6 c\u00e1psulas<\/td>\n<\/tr>\n<tr>\n<td>Precio<\/td>\n<td>\ud83d\uded1 690 MXN<\/td>\n<\/tr>\n<tr>\n<td>Entrega<\/td>\n<td>Aproximadamente 5 d\u00edas<\/td>\n<\/tr>\n<\/tbody>\n<\/table>\n<h2><b>Longex \u2013 \u00a1c\u00e1psulas con biof\u00f3rmula para ser un verdadero hombre en la cama!<\/b><\/h2>\n<p><img loading=\"lazy\" decoding=\"async\" class=\"aligncenter size-full wp-image-37\" src=\"http:\/\/remisesenargentina.com\/farmacia\/wp-content\/uploads\/2024\/07\/Longex-10.jpg\" alt=\"Longex farmacia del ahorro\" width=\"500\" height=\"321\" srcset=\"https:\/\/remisesenargentina.com\/farmacia\/wp-content\/uploads\/2024\/07\/Longex-10.jpg 500w, https:\/\/remisesenargentina.com\/farmacia\/wp-content\/uploads\/2024\/07\/Longex-10-300x193.jpg 300w\" sizes=\"(max-width: 500px) 100vw, 500px\" \/><\/p>\n<p>Longex &#8211; c\u00e1psulas con una biof\u00f3rmula que contiene extractos naturales. Su objetivo es ayudarte a sentirte como un aut\u00e9ntico hombre en la cama, superando todos los problemas asociados al bajo rendimiento sexual.<\/p>\n<p>Las c\u00e1psulas naturales para que sirve Longex permiten a todo hombre hacer frente a problemas \u00edntimos, ya sea baja libido, erecci\u00f3n inestable, relaciones sexuales de corta duraci\u00f3n o simplemente el deseo de m\u00e1s placer y euforia en la cama. Por lo tanto, se est\u00e1n volviendo cada vez m\u00e1s populares y disfrutan de cr\u00edticas y testimonios positivos de muchos clientes satisfechos.<\/p>\n<p>Es hora de que nuestro equipo estudie sus propiedades y comprenda por qu\u00e9 las c\u00e1psulas Longex gozan de cr\u00edticas positivas en muchos pa\u00edses. \u00bfA los hombres tambi\u00e9n les gustan? \u00bfSe pueden comprar f\u00e1cilmente a buen precio? \u00bfSon f\u00e1ciles de tomar? \u00bfC\u00f3mo funcionan sus ingredientes naturales y son conocidos por sus propiedades en todo el mundo? \u00a1Est\u00e9n atentos hasta el final de nuestra revisi\u00f3n Longex para m\u00e1s detalles!<\/p>\n<h2><b>Ginseng para la libido: \u00a1misi\u00f3n cumplida!<\/b><\/h2>\n<p>El ginseng es una hierba que se utiliza tradicionalmente en la medicina popular china desde hace muchos a\u00f1os. Es un antioxidante muy potente, adem\u00e1s de sus propiedades antiinflamatorias. Tambi\u00e9n es conocido por sus propiedades beneficiosas en relaci\u00f3n a los procesos mentales, por lo que incluso puede tener efectos beneficiosos en personas con la enfermedad de Alzheimer. La hierba tambi\u00e9n es una de las que fortalece con \u00e9xito el sistema inmunol\u00f3gico y protege contra la gripe y los virus.<\/p>\n<p>\u00bfPero puede el ginseng afectar la libido? \u00a1La respuesta es s\u00ed! El extracto de ginseng puede ayudar a prolongar las erecciones. Los cient\u00edficos creen que esto se debe a sus capacidades antioxidantes, as\u00ed como al hecho de que puede promover el flujo sangu\u00edneo al \u00e1rea p\u00e9lvica. Tambi\u00e9n relaja los m\u00fasculos, ayud\u00e1ndote a relajarte y calmarte durante los momentos \u00edntimos.<\/p>\n<p>Esta es tambi\u00e9n una de las razones por las que se incluye en la f\u00f3rmula de la bioc\u00e1psula como extracto org\u00e1nico Longex.<\/p>\n<h2><b>Indicaciones de uso Longex<\/b><\/h2>\n<p><img loading=\"lazy\" decoding=\"async\" class=\"aligncenter size-full wp-image-36\" src=\"http:\/\/remisesenargentina.com\/farmacia\/wp-content\/uploads\/2024\/07\/Longex-9.jpg\" alt=\"Longex opiniones\" width=\"347\" height=\"507\" srcset=\"https:\/\/remisesenargentina.com\/farmacia\/wp-content\/uploads\/2024\/07\/Longex-9.jpg 347w, https:\/\/remisesenargentina.com\/farmacia\/wp-content\/uploads\/2024\/07\/Longex-9-205x300.jpg 205w\" sizes=\"(max-width: 347px) 100vw, 347px\" \/><\/p>\n<p>Se recomienda utilizar Longex en los siguientes casos:<\/p>\n<ol>\n<li aria-level=\"1\">Niveles bajos de testosterona.<\/li>\n<li aria-level=\"1\">Problemas de erecci\u00f3n.<\/li>\n<li aria-level=\"1\">Bajo nivel de deseo sexual.<\/li>\n<li aria-level=\"1\">Deterioro de la salud por falta de hormonas masculinas.<\/li>\n<\/ol>\n<h2><b>\u00bfQu\u00e9 ventajas dan los compradores a las c\u00e1psulas Longex es bueno o malo?<\/b><\/h2>\n<p>Las opiniones sobre Longex provienen de muchos hombres y mujeres satisfechos de todo el pa\u00eds. Hab\u00eda muchas razones para probar un producto natural, desde problemas de erecci\u00f3n hasta un simple deseo de variedad en la cama y m\u00e1s placer en los momentos \u00edntimos. Pero la buena noticia es que, sea cual sea el motivo, la mayor\u00eda de los clientes est\u00e1n contentos con el producto y, por tanto, comparten su opini\u00f3n sobre Longex resultados reales. Se espera que los compradores prefieran las bioc\u00e1psulas precisamente por su f\u00f3rmula org\u00e1nica.<\/p>\n<p>Aqu\u00ed hay otros beneficios, seg\u00fan muchas revisiones Longex:<\/p>\n<ol>\n<li aria-level=\"1\">Biof\u00f3rmula para influir en las funciones sexuales de los hombres;<\/li>\n<li aria-level=\"1\">M\u00e1s potencia y fuerza para momentos inolvidables en la cama;<\/li>\n<li aria-level=\"1\">Mejora de la resistencia y la libido;<\/li>\n<li aria-level=\"1\">Socios satisfechos que le piden m\u00e1s;<\/li>\n<li aria-level=\"1\">Adecuado para uso diario;<\/li>\n<li aria-level=\"1\">Precio asequible al realizar pedidos en el sitio web oficial;<\/li>\n<li aria-level=\"1\">No hay datos sobre efectos secundarios desagradables o contraindicaciones.<\/li>\n<\/ol>\n<h2><b>\u00bfCu\u00e1l es la composici\u00f3n de las c\u00e1psulas Longex?<\/b><\/h2>\n<p><img loading=\"lazy\" decoding=\"async\" class=\"aligncenter size-full wp-image-35\" src=\"http:\/\/remisesenargentina.com\/farmacia\/wp-content\/uploads\/2024\/07\/Longex-8.jpg\" alt=\"Longex confiable\" width=\"500\" height=\"343\" srcset=\"https:\/\/remisesenargentina.com\/farmacia\/wp-content\/uploads\/2024\/07\/Longex-8.jpg 500w, https:\/\/remisesenargentina.com\/farmacia\/wp-content\/uploads\/2024\/07\/Longex-8-300x206.jpg 300w\" sizes=\"(max-width: 500px) 100vw, 500px\" \/><\/p>\n<p>Longex contiene tres ingredientes activos de origen natural. El fabricante del producto se centra exclusivamente en hierbas que pueden favorecer la potencia masculina y el placer en la cama. Esto hace que la combinaci\u00f3n entre ellos sea \u00fanica y todos ellos han sido objeto de varios estudios alrededor del mundo sobre sus efectos positivos en el sistema reproductivo masculino.<\/p>\n<p>Esto es lo que incluyen los ingredientes naturales Longex:<\/p>\n<ol>\n<li aria-level=\"1\"><b>Tribulus Terrestris<\/b> es una de las hierbas m\u00e1s populares para aumentar la libido. Esto afecta principalmente a los hombres. Apoya el equilibrio hormonal masculino, la fuerza, la energ\u00eda y la resistencia. Es \u00fatil tanto para la disfunci\u00f3n er\u00e9ctil como simplemente para influir en la libido y la potencia masculina.<\/li>\n<li aria-level=\"1\"><b>Ginseng:<\/b> favorece la resistencia y es especialmente \u00fatil para los hombres que padecen disfunci\u00f3n er\u00e9ctil. Adem\u00e1s de esto, potencia la energ\u00eda y las funciones del sistema inmunol\u00f3gico.<\/li>\n<li aria-level=\"1\"><b>Miura Puama: <\/b>tiene un efecto positivo sobre la necesidad y el deseo de intimidad. Mejora las funciones sexuales generales del cuerpo.<\/li>\n<\/ol>\n<h2><b>Instrucciones para el uso correcto del medicamento Longex como se aplica<\/b><\/h2>\n<p>F\u00e1cil de aceptar como se usa el Longex. Los clientes deben seguir las instrucciones de uso, que son muy breves. As\u00ed es como puedes obtener Longex:<\/p>\n<ol>\n<li aria-level=\"1\">Beber 2 c\u00e1psulas al d\u00eda 30 minutos antes de las comidas, principalmente por la ma\u00f1ana y por la noche.<\/li>\n<li aria-level=\"1\">Tambi\u00e9n puedes simplemente tomar 1 c\u00e1psula 30 minutos antes de la relaci\u00f3n \u00edntima.<\/li>\n<li aria-level=\"1\">Son aptas para uso diario, y se recomienda hacerlo durante al menos 1 mes.<\/li>\n<\/ol>\n<h2><b>Contraindicaciones<\/b><\/h2>\n<p><img loading=\"lazy\" decoding=\"async\" class=\"aligncenter size-full wp-image-34\" src=\"http:\/\/remisesenargentina.com\/farmacia\/wp-content\/uploads\/2024\/07\/Longex-7.jpg\" alt=\"Longex funciona\" width=\"500\" height=\"370\" srcset=\"https:\/\/remisesenargentina.com\/farmacia\/wp-content\/uploads\/2024\/07\/Longex-7.jpg 500w, https:\/\/remisesenargentina.com\/farmacia\/wp-content\/uploads\/2024\/07\/Longex-7-300x222.jpg 300w\" sizes=\"(max-width: 500px) 100vw, 500px\" \/><\/p>\n<p>Longex contiene ingredientes naturales y generalmente no tiene efectos secundarios graves. Sin embargo, algunas personas pueden tener reacciones al\u00e9rgicas a ciertos componentes del medicamento.<\/p>\n<p>A continuaci\u00f3n se detallan las principales contraindicaciones para el uso de Longex:<\/p>\n<ol>\n<li aria-level=\"1\"><b>Intolerancia individual: <\/b>si es al\u00e9rgico o sabe que tiene una intolerancia individual a uno de los ingredientes, no se recomienda su uso Longex.<\/li>\n<li aria-level=\"1\"><b>Ni\u00f1os: <\/b>No recomendado para uso en ni\u00f1os.<\/li>\n<\/ol>\n<p>Puede ir al sitio web oficial del fabricante Longex haciendo clic en el bot\u00f3n a continuaci\u00f3n.<\/p>\n<h2><b>Opini\u00f3n de expertos sobre las c\u00e1psulas Longex<\/b><\/h2>\n<blockquote><p><b>Jorge Mosvida<\/b> &#8211; terapeuta sexual<\/p>\n<p>Muchos de los f\u00e1rmacos para aumentar la potencia tienen efectos extremadamente adversos sobre el coraz\u00f3n y el h\u00edgado, e incluso pueden ser mortales. Por otro lado, muchos medicamentos m\u00e1s seguros a menudo no producen el efecto deseado. Sin embargo, el a\u00f1o pasado particip\u00e9 en un examen independiente de un nuevo f\u00e1rmaco funciona Longex. Fue un incidente inesperado, pero los resultados de las pruebas nos sorprendieron a todos. \u00a1El medicamento contiene solo ingredientes naturales y el nivel de testosterona de muchos hombres ha aumentado entre 7 y 8 veces! Adem\u00e1s, las c\u00e1psulas no provocaron efectos secundarios ni alergias.<\/p>\n<p>Por lo tanto, recomiendo este medicamento asequible a todos los hombres, tanto j\u00f3venes como maduros. Desafortunadamente, muchas personas tienen problemas con la potencia, pero hay una soluci\u00f3n al problema y es el medicamento confiable Longex.<\/p><\/blockquote>\n<h2><b>\u00bfQu\u00e9 opiniones sobre las c\u00e1psulas Longex dejaron los clientes en los foros?<\/b><\/h2>\n<p>&nbsp;<\/p>\n<blockquote><p><b>Donovan<\/b><\/p>\n<p>Gracias a las cr\u00edticas positivas sobre las c\u00e1psulas Longex, decid\u00ed comprarlas. Muchos hombres han confirmado que el f\u00e1rmaco realmente funciona. Lo he comprobado personalmente tomando las c\u00e1psulas sin ning\u00fan efecto secundario.<\/p><\/blockquote>\n<p>&nbsp;<\/p>\n<blockquote><p><b>Geovanni<\/b><\/p>\n<p>Todav\u00eda soy joven, pero tengo problemas en la cama. Ten\u00eda miedo al fracaso, as\u00ed que comenc\u00e9 a buscar informaci\u00f3n sobre medicamentos para mejorar la potencia. Al final compr\u00e9 las c\u00e1psulas Longex farmacia del ahorro y segu\u00ed las instrucciones. El medicamento es realmente bueno, ayuda a lograr mejores resultados r\u00e1pidamente.<\/p><\/blockquote>\n<p>&nbsp;<\/p>\n<blockquote><p><b>Carlos<\/b><\/p>\n<p>Hasta los 55 a\u00f1os, no ten\u00eda idea de que podr\u00eda tener un problema de erecci\u00f3n. Fui a un terapeuta sexual y me trataron, pero nada ayud\u00f3. Decid\u00ed pedir la preparaci\u00f3n a base de hierbas Longex, donde lo puedo conseguir pens\u00e9 que al menos no habr\u00eda efectos secundarios. Sin embargo, las c\u00e1psulas resultaron ser realmente interesantes y me ayudaron a solucionar el problema.<\/p><\/blockquote>\n<p>&nbsp;<\/p>\n<blockquote><p><b>Ir\u00e1n<\/b><\/p>\n<p>Not\u00e9 que mi esposo evita la intimidad debido a problemas de potencia. Quer\u00eda ayudarlo y pas\u00e9 mucho tiempo buscando un medicamento adecuado. Eleg\u00ed Longex. Funciona bien incluso despu\u00e9s de un consumo moderado de alcohol, relaja y alivia los miedos.<\/p><\/blockquote>\n<h2><b>Condiciones y plazos de almacenamiento<\/b><\/h2>\n<p><img loading=\"lazy\" decoding=\"async\" class=\"aligncenter size-full wp-image-33\" src=\"http:\/\/remisesenargentina.com\/farmacia\/wp-content\/uploads\/2024\/07\/Longex-6.jpg\" alt=\"Longex como se aplica\" width=\"500\" height=\"364\" srcset=\"https:\/\/remisesenargentina.com\/farmacia\/wp-content\/uploads\/2024\/07\/Longex-6.jpg 500w, https:\/\/remisesenargentina.com\/farmacia\/wp-content\/uploads\/2024\/07\/Longex-6-300x218.jpg 300w\" sizes=\"(max-width: 500px) 100vw, 500px\" \/><\/p>\n<p>Longex debe almacenarse en un lugar seco a una temperatura que no supere los 25 grados. La vida \u00fatil de las c\u00e1psulas es de 2 a\u00f1os.<\/p>\n<h2><b>\u00bfVerdad o estafa?<\/b><\/h2>\n<p>Longex precio farmacia del ahorro es un producto real que tiene una composici\u00f3n natural y eficacia probada. Sin embargo, como ocurre con cualquier producto de mejora masculina, la eficacia de donde comprar Longex puede variar entre usuarios.<\/p>\n<h2><b>\u00bfD\u00f3nde comprar medicamentos Longex?<\/b><\/h2>\n<p>Longex se puede adquirir en la web oficial del fabricante. Comprar en la web oficial garantiza la calidad del producto y protege contra falsificaciones.<\/p>\n<h2><b>\u00bfPrecio del medicamento Longex?<\/b><\/h2>\n<p>Comprar un producto biocosm\u00e9tico es f\u00e1cil y a buen precio Longex. Esto s\u00f3lo se puede hacer a trav\u00e9s de la p\u00e1gina web oficial del producto, donde lo ofrece directamente el fabricante. Por lo tanto, no lo encontrar\u00e1 en muchas grandes tiendas online. Esto tambi\u00e9n se aplica a farmacias, farmacias o sex-shops. Prefieren este enfoque del fabricante del mismo nombre, gracias al cual conf\u00edan en que los compradores recibir\u00e1n un producto original a un precio farmacia similares asequible Longex. Los clientes dicen que est\u00e1n de acuerdo con este enfoque y \u00e9l cree que el precio del producto es razonable porque los ingredientes son de origen ex\u00f3tico y biol\u00f3gico.<\/p>\n<p>Para realizar pedidos, los clientes pueden visitar el sitio web oficial de walmart Longex. All\u00ed encontrar\u00e1n un campo de pedido donde podr\u00e1n ingresar sus nombres y el n\u00famero de tel\u00e9fono de contacto actual. Tambi\u00e9n recibir\u00e1n pronto una llamada de confirmaci\u00f3n del pedido del distribuidor oficial. Si a\u00fan tienen problemas, tambi\u00e9n pueden consultar nuestra gu\u00eda de pago r\u00e1pido.<\/p>\n<h2><b>\u00a1Maestro de la autoestima!<\/b><\/h2>\n<p>\u00a1A veces todo lo que necesitamos es un poco m\u00e1s de confianza! Las hierbas para aumentar la libido tambi\u00e9n pueden ayudar, pero si no est\u00e1s preparado para ello, ser\u00e1 una batalla cuesta arriba. Por lo tanto, viva una vida sana, practique deportes y luzca atractiva. \u00a1Y esto tiene un efecto positivo en todos los aspectos de la vida, incluida la intimidad!<\/p>\n<p>Las bioc\u00e1psulas naturales donde lo venden Longex se est\u00e1n volviendo cada vez m\u00e1s populares debido a su f\u00f3rmula natural que favorece la libido masculina. Ahora puede encontrar cr\u00edticas y comentarios positivos sobre el producto de clientes satisfechos. Algunos de ellos incluso creen que funciona mejor que otras alternativas del mercado.<\/p>\n","protected":false},"excerpt":{"rendered":"<p>Longex &#8211; c\u00e1psulas con una biof\u00f3rmula que contiene extractos naturales. Su objetivo es ayudarte a sentirte como un aut\u00e9ntico hombre en la cama, superando todos los problemas asociados al bajo rendimiento sexual.<\/p>\n","protected":false},"featured_media":32,"comment_status":"open","ping_status":"closed","template":"","meta":[],"product_cat":[15],"product_tag":[],"_links":{"self":[{"href":"https:\/\/remisesenargentina.com\/farmacia\/index.php?rest_route=\/wp\/v2\/product\/19"}],"collection":[{"href":"https:\/\/remisesenargentina.com\/farmacia\/index.php?rest_route=\/wp\/v2\/product"}],"about":[{"href":"https:\/\/remisesenargentina.com\/farmacia\/index.php?rest_route=\/wp\/v2\/types\/product"}],"replies":[{"embeddable":true,"href":"https:\/\/remisesenargentina.com\/farmacia\/index.php?rest_route=%2Fwp%2Fv2%2Fcomments&post=19"}],"wp:featuredmedia":[{"embeddable":true,"href":"https:\/\/remisesenargentina.com\/farmacia\/index.php?rest_route=\/wp\/v2\/media\/32"}],"wp:attachment":[{"href":"https:\/\/remisesenargentina.com\/farmacia\/index.php?rest_route=%2Fwp%2Fv2%2Fmedia&parent=19"}],"wp:term":[{"taxonomy":"product_cat","embeddable":true,"href":"https:\/\/remisesenargentina.com\/farmacia\/index.php?rest_route=%2Fwp%2Fv2%2Fproduct_cat&post=19"},{"taxonomy":"product_tag","embeddable":true,"href":"https:\/\/remisesenargentina.com\/farmacia\/index.php?rest_route=%2Fwp%2Fv2%2Fproduct_tag&post=19"}],"curies":[{"name":"wp","href":"https:\/\/api.w.org\/{rel}","templated":true}]}}